2)*12/14. Let b = 59 + k. What is the units digit of b?
5
Let n = 60 - 12. What is the tens digit of n?
4
Suppose 2*n - 6 = -3*u - 20, -u + 2 = -n. Let l = u - -4. What is the units digit of l?
2
Let u(d) = -d**2 - 13*d + 1. Let i be u(-9). Suppose -4*s - i = -145. What is the units digit of s?
7
Suppose 0 = 3*y + 3*o + 75 + 45, -3*y - 120 = -5*o. Let r = -28 - y. What is the units digit of r?
2
Let b = -7 - -11. Suppose -r + b = 3*r. What is the units digit of r?
1
Let m be 43/3 - 3/9. What is the units digit of (-4)/m + (-185)/(-35)?
5
What is the tens digit of (-40)/6*36/(-8)?
3
Suppose 3 - 18 = -5*k. Suppose -u - 6 = -k*u. What is the units digit of u?
3
Let s = 4 + -6. What is the units digit of (-13)/(-11) - s/(-11)?
1
Let m be (-1 + 3 + -3)*-32. Suppose -10*k + 49 = 9. Suppose -2*a + m = z, 15 = 3*a - k*z - 22. What is the tens digit of a?
1
What is the hundreds digit of (-29)/(-4)*((-1)/(-1) + 19)?
1
Let h = -11 + 10. What is the units digit of h*(-5 + 3) + -1?
1
Let g(j) = j**3 + 5*j**2 + 5*j + 5. Let p be g(-4). What is the units digit of -15*(4/(-3) + p)?
5
Suppose 0 = -6*c + c - 170. Let u = -24 - c. Let f = u + 0. What is the tens digit of f?
1
Let k(w) = 4*w + 14. What is the units digit of k(8)?
6
Let h(d) = -d - 1. Let z = -9 - -5. What is the units digit of h(z)?
3
Suppose s - 4*g + 7 = 0, 0 = -2*s + 2*g - 3 + 1. Let m be 9*((-8)/(-6) - s). What is the units digit of (m/9)/((-1)/(-12))?
4
Let u = -10 + 7. Let s = 7 + u. What is the units digit of s?
4
Suppose -2*s = -2*o + s + 6, 0 = 3*o - 5*s - 8. Let l(j) = 2*j**2 + 3*j**2 - o*j**2 - 3 - 7*j. What is the units digit of l(-5)?
7
Let r(o) = -o**3 + 18*o**2 + 4*o + 41. What is the tens digit of r(18)?
1
Suppose -2*c - 5 + 1 = 0. Let m be (-1830)/(-27) + c/(-9). Suppose 0*l - 4*l - 4*k = -m, -2*k - 38 = -4*l. What is the tens digit of l?
1
Let f(p) = -8*p - 30. What is the tens digit of f(-10)?
5
Let d(i) = -i**3 - 11*i**2 + 12*i + 5. Let m be d(-12). Suppose -15 = -m*s - 0*s. What is the units digit of s?
3
Let n(u) = 2*u + 4. Let i(h) be the first derivative of -h**3/3 + h**2/2 + 3*h + 1. Let j(k) = -5*i(k) + 4*n(k). What is the tens digit of j(-2)?
1
Let t(x) = x - 3. What is the units digit of t(9)?
6
Suppose 0 = -6*m + 110 + 52. What is the tens digit of m?
2
Suppose -4*u + 3*m = -10 + 1, -4*m = -4*u + 12. What is the units digit of 2 + (-1 - (u + -1))?
2
Let z = 3 - 5. Let j = 2 + z. Let o = j - -4. What is the units digit of o?
4
Let w = 4 - 3. Suppose 5*y - 54 - w = 0. What is the tens digit of y?
1
Let y be (-4)/((-39)/(-33) + -1). Let b be (-4)/y + 2/(-11). Suppose 4*i - i - 45 = b. What is the tens digit of i?
1
Let t be ((-9)/2)/((-2)/4). Let v = 3 + 0. Suppose 0 = -v*g + 4*u + t + 1, -u - 35 = -4*g. What is the units digit of g?
0
Suppose 0 = -4*s + p + 176, -2*s - 2*p - 127 = -5*s. What is the units digit of 47/9 + (-10)/s?
5
Suppose t = 2*t - 109. Suppose -2*u + 66 = 2*y, 0*y + t = 3*y - 2*u. What is the units digit of y?
5
Suppose 4 = 2*d + 5*p, -7*p = -3*d - 2*p + 6. Suppose -d*b + 25 = 5*m + 3*b, 5*m + 4*b - 27 = 0. Suppose 0 = -3*v + 8 + m. What is the units digit of v?
5
Suppose -d + 44 = -4*y, -2*d + 43 + 5 = 2*y. What is the tens digit of d?
2
Suppose -2*c - 126 = -2*f, 4*c + c - 161 = -2*f. What is the tens digit of f?
6
Suppose 0 = 2*k + 5*w - 30, -1 = 3*k - w - 3*w. What is the units digit of (-4 + 0 + k)*41?
1
Suppose 3*k = i + 123, -4*k + 164 = -i + 4*i. Let h = k - -54. What is the units digit of (4 - 0)*h/20?
9
Let l be 10*(45/2)/5. Suppose -l = -4*r + 3*g, 0 = r + 4*r + g - 61. What is the tens digit of r?
1
Suppose -5*q = 10, c + 4*q - 62 = -c. Suppose -3*m - 5*t - 9 = -0*t, 2*t = -6. What is the units digit of 235/c + m/7?
7
Let q(j) = -j**2 - 6*j + 2. Let t be q(-5). Suppose 6 = 2*u + z, -z - 7 = 5*u - 4*z. Let y = t + u. What is the units digit of y?
8
Let c(y) = -23*y**3 + 2*y**2. Let l be c(-1). Suppose 0 = -r + 4*r. Suppose 4*u + u - l = r. What is the units digit of u?
5
Let k = 8 - 8. Suppose k*q = 5*q - 5. What is the units digit of q?
1
Suppose 2*o = 6 + 2. Suppose o*g - 60 = -0. What is the tens digit of g?
1
Suppose -6*q + 4*q = -74. What is the tens digit of q?
3
Let y be (-48)/(-14) - 24/56. Let t = 146 + -81. Suppose y*x = -2*x + t. What is the tens digit of x?
1
Suppose 44*x - 34*x - 1560 = 0. What is the units digit of x?
6
Suppose 4*m = -1 + 61. Let v be 7*m/3 - 1. What is the tens digit of 6/4*v/3?
1
Let j(z) = 4*z**2 + 2*z + 1. Let h be j(-1). Suppose 0 = h*t - 5*t. Suppose t = -k - 3*i + 4, -k + 0*k + 2 = 5*i. What is the units digit of k?
7
Suppose 0 = -5*l - 3*z + 4, 5*l - 3*z = -0*l + 16. Suppose 2*s - 12 = -l*k, -4*k + 2 = s - 19. What is the units digit of (1/(-2))/(s/(-24))?
2
Let f = -14 + 8. Let t be (-4)/f + 534/9. What is the units digit of t/9*3/2?
0
Let d = 1 + 43. What is the units digit of d?
4
Let t(x) = -x**3 + x**2 + x + 10. Let u be t(0). Let i = u + -6. What is the units digit of (9/i)/(4/16)?
9
Let s(z) = -48*z + 11. What is the tens digit of s(-6)?
9
What is the hundreds digit of (3 - 0) + 175 - -5?
1
Suppose -5*l - 4*v + 14 = 0, 4*l = 2*v - 2 + 8. Suppose -2*z + 3*h + 78 = 2*z, -67 = -3*z - l*h. What is the tens digit of z?
2
Let a = -4 + 4. Suppose a*p = 5*p - 25. Suppose 17 - 76 = -p*l - 2*q, 4*q + 12 = 0. What is the tens digit of l?
1
Suppose n + 3*r = -6, -2*n + r = -0*n - 2. Suppose n = -4*k + 3*k + 12. Let z = -3 + k. What is the units digit of z?
9
Suppose -7*s + 2*s - 240 = 0. What is the tens digit of s/15*-1*5?
1
What is the tens digit of 62 - (0 + -3 - 0)?
6
Let x = -21 + -9. Let z = 80 - 36. Let f = z + x. What is the units digit of f?
4
Let c(r) = -r**3 - 6*r**2 - 4*r + 4. Let w be c(-3). Let n(o) = -3*o + 6. Let g be n(-6). Let h = g + w. What is the units digit of h?
3
Let q be 18 - -3 - 0/(-2). Let o = 0 + 3. Suppose -3*y + y + q = -o*b, 2*b + 12 = y. What is the units digit of y?
6
Suppose 3*i = -2*h - 95, 5*h - 2*i + 139 = -108. Let r = -18 - h. What is the units digit of r?
1
Suppose -4*q + 37 = -3*q. What is the tens digit of q?
3
Let v(x) = -x**2 + 9*x - 6. Let d be v(9). Let n be 2 - d/(3 + 0). What is the tens digit of ((-55)/10)/((-2)/n)?
1
Let o be ((-2)/1)/(-1) - -2. Let r(b) = b**2 + b. Let m be r(-1). Suppose m*v - v = -o. What is the units digit of v?
4
Let o(x) = 6*x**2 + 1. What is the tens digit of o(-4)?
9
Let l(t) = 9*t + 1. Suppose -2*n - 6 = -8. What is the units digit of l(n)?
0
Let r(i) = 10*i - 4. What is the tens digit of r(3)?
2
Let y(r) = r**3 + 11*r**2 - 19*r - 16. What is the tens digit of y(-12)?
6
Let n(q) = 3*q**2 + 8*q - 4. What is the tens digit of n(-9)?
6
Let s(n) = 2*n**2 - 2*n - 1. Let q be s(2). Suppose 25 = q*v - 14. What is the units digit of v?
3
Let a be (-88)/(-32) - (-3)/12. Suppose 0 = -2*s + a*s - 19. What is the tens digit of s?
1
Let t(r) = r + 12. Let k be t(-8). Suppose 0 = h + b - 6, 0*b = -2*h - k*b + 18. Suppose 0*l = l - h. What is the units digit of l?
3
Let k = -7 - -5. Let l(i) = -i**3 - i**2 + 2*i + 1. What is the units digit of l(k)?
1
Let l be (9/3)/3 + 9. Suppose -r + l = r. What is the units digit of r?
5
Suppose -2*c - 3*c = -4*t + 110, 4*c + 8 = 0. What is the units digit of t?
5
Let j(o) be the second derivative of -o**5/60 - o**4/6 - o**3/2 - 2*o. Let m(i) be the second derivative of j(i). What is the units digit of m(-6)?
8
Let a = -11 - -15. Let y = 4 - a. Let t = y - -4. What is the units digit of t?
4
Let j = -47 + 31. Let h = -2 - j. What is the tens digit of h?
1
Let g(d) = 2*d - 5. Let f(u) = 1. Let c(y) = -3*f(y) - g(y). Suppose 4*l = 4*r - 36, -5*l = 3*r + r + 18. What is the units digit of c(l)?
4
Suppose -16*i = -378 - 3158. What is the tens digit of i?
2
Let q(h) be the first derivative of 2*h**3/3 - 3*h**2/2 - h + 2. Let i be q(3). Suppose 5*c - 41 - i = -2*r, 2*r = c - 5. What is the units digit of c?
9
Let o = 45 - 14. What is the tens digit of o?
3
Suppose g = 2*g. Suppose g*c = -2*c + 24. What is the tens digit of c?
1
Suppose 2*k - 7*k = 0. Suppose k = -s - s + 16. What is the units digit of s?
8
Let w(a) = 5*a - 2. Let t = -5 + 8. Suppose -4*k + 24 = 2*j, 0 = j - k + t. What is the units digit of w(j)?
8
Let y(q) = -q**2 + 8*q - 9. Let s be y(6). Let x = 4 - s. Suppose a - 3 = x. What is the units dig